common divisor of 27 and j?
27
Suppose -3*n = -n - 70. Let q be -2 + 4 + (1 - n). Let a = 46 + q. What is the highest common factor of 2 and a?
2
Let l = 82 + -16. Calculate the greatest common divisor of 165 and l.
33
Let o be -4 + 7 + -3 - -16. Suppose 4*z - o = -2*j, -3*j + 3*z + z + 24 = 0. What is the highest common divisor of 72 and j?
8
Suppose -2*v - 45 + 155 = 0. What is the highest common divisor of v and 44?
11
Suppose 9*u = 13*u - 360. What is the greatest common factor of u and 30?
30
Suppose 2*l = -t + 9, 4*l + 26 = -t + 3*t. Let m be (-9)/(-1) + 1*2. Calculate the greatest common factor of m and t.
11
Let g = 12 - 6. Suppose -w = -g*w + 245. Calculate the greatest common factor of w and 7.
7
Let n(m) = -3*m. Let o be n(-4). Calculate the greatest common divisor of 96 and o.
12
Let u = -26 - -37. Let l = 115 - 5. What is the highest common factor of l and u?
11
Let b be (-3)/(-12) - 31/(-4). Let h be (14/b)/(4/16). Suppose -17 = -5*r + 3*t + 16, 3*r - h = 5*t. Calculate the greatest common divisor of 1 and r.
1
Let v be 12 + 1*(0 + -1). What is the greatest common divisor of v and 121?
11
Suppose 3*w = -3*j - w - 3, 0 = 2*j + 5*w - 5. Let v = j + 15. Calculate the greatest common factor of 50 and v.
10
Suppose 3*p + h - 530 = 0, 348 = 2*p - 3*h + h. Calculate the greatest common divisor of 16 and p.
16
Let u = 151 - 79. Calculate the greatest common factor of u and 16.
8
Suppose 98 + 0 = u. Calculate the greatest common factor of u and 14.
14
Suppose 0*x + x - 2 = -4*j, 0 = 2*x + 2*j - 10. Let a(q) = 14*q - 3. Let g be a(x). Calculate the greatest common divisor of 9 and g.
9
Suppose -2*z + 42 = 3*m, -m - 5*z + 1 = -0. Let d = m - 2. Suppose 0 = 3*y - 9, -3*y + 88 - 359 = -5*c. Calculate the highest common factor of c and d.
14
Let n be -1 - -5 - 120/(-6). What is the highest common divisor of n and 12?
12
Let z be (-68)/(-20) - 12/(-20). Let n be (0 - -2 - 1) + -1. Suppose n = -h + z*h - 15. What is the highest common divisor of h and 40?
5
Suppose -2*q - p + 4*p + 351 = 0, 3*q - 479 = -5*p. Suppose -17 - 25 = -2*y. Calculate the highest common divisor of q and y.
21
Let g = 1 + -3. Let n be (-51)/g*(-2)/(-3). Suppose 6*a - 595 = a. What is the greatest common factor of a and n?
17
Let m be (-67)/(-4) - 1/(-4). Suppose -3*v = -2*x + 266, -x + 3*v + 130 = -0*x. What is the greatest common divisor of x and m?
17
Let z = 112 - 94. What is the highest common divisor of 30 and z?
6
Suppose -5*x - r + 170 = 0, -2*x - 3*r = -13 - 68. Calculate the highest common factor of x and 11.
11
Let v = -67 + 25. Let i = -29 - v. Calculate the highest common divisor of i and 104.
13
Suppose 18*w + 32 = 19*w. Let s = 3 + 1. What is the highest common factor of w and s?
4
Suppose -8 = -2*w, d + 3*w - 30 = -0*d. What is the highest common divisor of 24 and d?
6
Let k(m) = -m**3 + 4*m**2 + 2*m - 1. Let a be k(-2). Let o = 372 + -163. Calculate the greatest common factor of a and o.
19
Suppose -3*l = w - 7*l - 38, 4*w = -3*l + 57. Suppose 3*u + 6 = w. Suppose -149 + 13 = -u*j. What is the highest common divisor of j and 85?
17
Suppose -3*x - 4*v + 871 = 2*x, -4*v - 497 = -3*x. Calculate the highest common factor of x and 19.
19
Let y(k) = -k**2 - 13*k - 9. Let c be y(-9). Let d = c + -5. Calculate the greatest common divisor of d and 22.
22
Let j = 3 + 3. Suppose -5*m + 24 = -j. Calculate the greatest common factor of 9 and m.
3
Let c = 119 - 29. Suppose -2*v - 16 = 2*v. Let n = v - -14. What is the highest common factor of n and c?
10
Let t = 15 + 1. Calculate the greatest common divisor of t and 2.
2
Let k be (-1)/(-5) + (-192)/(-40). Suppose 5*u - 4*f - f - 260 = 0, -k*f = -4*u + 211. Calculate the highest common divisor of u and 7.
7
Suppose u = 5*w - 3*u - 117, 5*w - u = 123. What is the highest common factor of w and 225?
25
Let x = -3 - -3. Suppose 0*n - 3*n = -5*c + 35, x = -n. What is the highest common divisor of 28 and c?
7
Suppose 6*w - 8*w = -16. What is the highest common divisor of 1 and w?
1
Let n = 26 - 4. Let z = 43 - n. Let q be 27*(-6)/(-9)*7. What is the greatest common divisor of z and q?
21
Suppose -2*f + f = -108. Let m = 0 + 0. Suppose -4*k = -m*k - 48. What is the highest common factor of f and k?
12
Suppose 3*m = 43 + 5. What is the greatest common divisor of m and 32?
16
Let b be 45/(-2) + (-2)/(-4). Let d = -12 + b. Let v = d - -74. Calculate the greatest common divisor of 16 and v.
8
Let y(g) be the first derivative of -3*g**4/4 + 2*g**3/3 - g + 1. Let s be y(-1). Suppose s*f - 60 = 2*f. What is the greatest common factor of f and 12?
6
Let u be (5 - 8)*(-1)/1. Let w(d) = -u*d + d**2 + d**2 + 9*d + 7. Let g be w(-5). What is the highest common divisor of 3 and g?
3
Suppose 0*k = -3*k + 84. Let p(o) = -6*o + 7. Let r be p(0). What is the greatest common factor of k and r?
7
Let v(b) = -b**2 + 12*b - 1. Let f be v(9). What is the highest common divisor of 91 and f?
13
Let t(m) = 6*m**2 + 3*m. Let s be t(-2). Calculate the highest common divisor of 18 and s.
18
Let h = 26 + -7. Calculate the highest common divisor of h and 19.
19
Suppose -5*v - 2*i + 40 = 0, 2*v + 5*i = 3*i + 22. Let d = v - 6. Let p(o) = o**2 + 12. Let h be p(d). What is the highest common divisor of h and 4?
4
Let t be (13 + -3)/((-4)/(2*-2)). What is the greatest common divisor of 170 and t?
10
Let j = 11 + -15. Let t(f) = 4*f**2 + 5*f - 2. Let o be t(j). Calculate the highest common factor of o and 6.
6
Suppose -p + 30 = -3*s, -2 = -s - 5. Let m(k) = 14*k. Let t be m(2). Suppose y = -y + t. Calculate the greatest common factor of p and y.
7
Let y = -33 + 48. Calculate the greatest common factor of y and 135.
15
Let d = -17 - -19. Suppose -d*w - 26 = -6*w + 2*r, r = -1. Calculate the greatest common factor of w and 66.
6
Let y = 54 + -27. Calculate the highest common divisor of y and 3.
3
Suppose b - 16 = y, -5*b + 107 = y + 9. Let h = b + 56. Let q be 2*3*5/2. What is the highest common factor of q and h?
15
Suppose 26 = -4*p + 162. Suppose 3*o - r + 7 = 4*o, -p = -5*o - 4*r. Suppose f = o*f - 30. What is the highest common divisor of f and 36?
6
Let i(d) = -16*d + 3. Let z be i(-6). Let f(o) = -o**3 + 7*o**2 + 4*o - 17. Let k be f(7). Calculate the highest common factor of z and k.
11
Let v be 34/8 + 9/12. Suppose -v*t + 14 = 2*b, -4*b - b = 4*t - 1. What is the highest common factor of 16 and t?
4
Let i(u) = 103*u**2 + 1. Let y(s) = s**2 - 2*s + 1. Let q be y(2). Let a be i(q). Let b be 1/4 + (-102)/(-8). Calculate the highest common factor of a and b.
13
Let t(a) = -4*a**3 + 5*a**3 + 19 + 31. Let b be t(0). Calculate the highest common factor of 10 and b.
10
Let x be (-5)/(-1) - (2 - 1). Suppose 5*c - 495 = 5*z, -5*c - x*z + 74 = -412. Suppose 2*m + 4 - 32 = 0. What is the highest common factor of c and m?
14
Let b be 33/(8/6 - 1). Suppose 2*p - 4*p - r = -20, 10 = 5*r. Calculate the highest common factor of b and p.
9
Suppose 0 = 3*z + 5*o - 147, -2*z = -o - 23 - 62. Suppose 0 = 3*w + 2*w - 20. Calculate the highest common divisor of z and w.
4
Suppose 4*a + 2 = 18. Suppose 4*c - 18 - 2 = 0. Let u be 4*(1 + 1 + c). Calculate the highest common divisor of a and u.
4
Let f be (1932/(-18))/((-6)/18). What is the greatest common factor of 46 and f?
46
Suppose 0 = w + t - 6, 2*w = 3*w + 3*t - 8. Suppose -2*f + 6*f = -w*j + 84, 5*j - 78 = 2*f. What is the highest common divisor of 176 and j?
16
Let i be (4/8)/(1/82). Suppose 3*v = -3*q + 111, -q + v + i - 12 = 0. What is the greatest common factor of 11 and q?
11
Suppose -z + 3*y - 6*y = -14, -y = 2*z - 18. What is the highest common divisor of z and 20?
4
Let k be (2 - (6 + -2)) + 5. Suppose -f + 33 = 3*v, -4*f + k*f + 29 = v. What is the highest common divisor of f and 9?
9
Suppose 3*r + 51 = -66. Let t = -23 - r. What is the highest common factor of t and 144?
16
Let x be ((-112)/(-6) - 0)/((-26)/(-39)). Calculate the highest common divisor of x and 70.
14
Let v(g) = 6*g - 81. Let s be v(24). Calculate the highest common divisor of 18 and s.
9
Suppose -2*x + w - 3 = 0, -5*w + 3*w = 3*x + 8. Let l be -2 - -27 - (x + 3). Let i = l + 8. What is the highest common factor of i and 48?
16
Let g(m) = 10*m**2. Let q be g(1). What is the greatest common factor of q and 2?
2
Let f be (-2 - -25 - -2) + -1. Wh